{"id":309,"date":"2026-03-18T16:50:38","date_gmt":"2026-03-18T19:50:38","guid":{"rendered":"https:\/\/talktoalldigital.com.br\/brazefigueiredo\/?page_id=309"},"modified":"2026-04-10T14:07:13","modified_gmt":"2026-04-10T17:07:13","slug":"direito-do-consumidor","status":"publish","type":"page","link":"https:\/\/talktoalldigital.com.br\/brazefigueiredo\/areas-de-atuacao\/direito-do-consumidor\/","title":{"rendered":"Direito do Consumidor"},"content":{"rendered":"\t\t<div data-elementor-type=\"wp-page\" data-elementor-id=\"309\" class=\"elementor elementor-309\" data-elementor-post-type=\"page\">\n\t\t\t\t<div class=\"elementor-element elementor-element-24eeb742 e-flex e-con-boxed e-con e-parent\" data-id=\"24eeb742\" data-element_type=\"container\" data-e-type=\"container\" data-settings=\"{&quot;background_background&quot;:&quot;classic&quot;,&quot;background_motion_fx_motion_fx_mouse&quot;:&quot;yes&quot;,&quot;background_motion_fx_mouseTrack_effect&quot;:&quot;yes&quot;,&quot;background_motion_fx_mouseTrack_direction&quot;:&quot;negative&quot;,&quot;background_motion_fx_mouseTrack_speed&quot;:{&quot;unit&quot;:&quot;px&quot;,&quot;size&quot;:0.1,&quot;sizes&quot;:[]}}\">\n\t\t\t\t\t<div class=\"e-con-inner\">\n\t\t<div class=\"elementor-element elementor-element-4e940fec e-con-full e-flex e-con e-child\" data-id=\"4e940fec\" data-element_type=\"container\" data-e-type=\"container\">\n\t\t\t\t<div class=\"elementor-element elementor-element-4b59a54b elementor-widget elementor-widget-heading\" data-id=\"4b59a54b\" data-element_type=\"widget\" data-e-type=\"widget\" data-widget_type=\"heading.default\">\n\t\t\t\t\t<h2 class=\"elementor-heading-title elementor-size-default\">\u00c1rea de atua\u00e7\u00e3o<\/h2>\t\t\t\t<\/div>\n\t\t\t\t<div class=\"elementor-element elementor-element-6ad8f292 elementor-widget elementor-widget-heading\" data-id=\"6ad8f292\" data-element_type=\"widget\" data-e-type=\"widget\" data-widget_type=\"heading.default\">\n\t\t\t\t\t<h2 class=\"elementor-heading-title elementor-size-default\">Direito do Consumidor<\/h2>\t\t\t\t<\/div>\n\t\t\t\t<div class=\"elementor-element elementor-element-17cdf8f elementor-widget__width-inherit elementor-widget elementor-widget-text-editor\" data-id=\"17cdf8f\" data-element_type=\"widget\" data-e-type=\"widget\" data-widget_type=\"text-editor.default\">\n\t\t\t\t\t\t\t\t\t<p>Auxiliamos empresas na preven\u00e7\u00e3o e resolu\u00e7\u00e3o de conflitos com consumidores, assegurando conformidade legal, prote\u00e7\u00e3o da reputa\u00e7\u00e3o e redu\u00e7\u00e3o de impactos financeiros.<\/p>\t\t\t\t\t\t\t\t<\/div>\n\t\t\t\t<div class=\"elementor-element elementor-element-15e8f0ac elementor-align-left elementor-widget elementor-widget-breadcrumbs\" data-id=\"15e8f0ac\" data-element_type=\"widget\" data-e-type=\"widget\" data-widget_type=\"breadcrumbs.default\">\n\t\t\t\t\t<nav id=\"breadcrumbs\"><span><span><a href=\"https:\/\/talktoalldigital.com.br\/brazefigueiredo\/\">In\u00edcio<\/a><\/span><\/span><\/nav>\t\t\t\t<\/div>\n\t\t\t\t<\/div>\n\t\t\t\t\t<\/div>\n\t\t\t\t<\/div>\n\t\t<div class=\"elementor-element elementor-element-31c25b38 e-flex e-con-boxed e-con e-parent\" data-id=\"31c25b38\" data-element_type=\"container\" data-e-type=\"container\" data-settings=\"{&quot;background_background&quot;:&quot;gradient&quot;}\">\n\t\t\t\t\t<div class=\"e-con-inner\">\n\t\t<div class=\"elementor-element elementor-element-3716888c e-con-full e-grid e-con e-child\" data-id=\"3716888c\" data-element_type=\"container\" data-e-type=\"container\">\n\t\t<div class=\"elementor-element elementor-element-1289d21c e-con-full e-flex e-con e-child\" data-id=\"1289d21c\" data-element_type=\"container\" data-e-type=\"container\">\n\t\t\t\t<div class=\"elementor-element elementor-element-49849f9f title-tracos elementor-widget elementor-widget-heading\" data-id=\"49849f9f\" data-element_type=\"widget\" data-e-type=\"widget\" data-widget_type=\"heading.default\">\n\t\t\t\t\t<h2 class=\"elementor-heading-title elementor-size-default\">Defesa em a\u00e7\u00f5es individuais e coletivas<\/h2>\t\t\t\t<\/div>\n\t\t\t\t<div class=\"elementor-element elementor-element-3df54f07 elementor-widget__width-inherit elementor-widget elementor-widget-text-editor\" data-id=\"3df54f07\" data-element_type=\"widget\" data-e-type=\"widget\" data-widget_type=\"text-editor.default\">\n\t\t\t\t\t\t\t\t\t<p>Atuamos em processos consumeristas com estrat\u00e9gia e profundidade t\u00e9cnica, buscando minimizar condena\u00e7\u00f5es, proteger a imagem da empresa e evitar precedentes negativos.<\/p>\t\t\t\t\t\t\t\t<\/div>\n\t\t\t\t<\/div>\n\t\t<div class=\"elementor-element elementor-element-4a960ab5 e-con-full e-flex e-con e-child\" data-id=\"4a960ab5\" data-element_type=\"container\" data-e-type=\"container\">\n\t\t\t\t<div class=\"elementor-element elementor-element-20be8a24 title-tracos elementor-widget elementor-widget-heading\" data-id=\"20be8a24\" data-element_type=\"widget\" data-e-type=\"widget\" data-widget_type=\"heading.default\">\n\t\t\t\t\t<h2 class=\"elementor-heading-title elementor-size-default\">Consultoria preventiva e compliance consumerista<\/h2>\t\t\t\t<\/div>\n\t\t\t\t<div class=\"elementor-element elementor-element-6b175be5 elementor-widget__width-inherit elementor-widget elementor-widget-text-editor\" data-id=\"6b175be5\" data-element_type=\"widget\" data-e-type=\"widget\" data-widget_type=\"text-editor.default\">\n\t\t\t\t\t\t\t\t\t<p>Apoiamos empresas na adequa\u00e7\u00e3o \u00e0s normas do C\u00f3digo de Defesa do Consumidor, revisando pr\u00e1ticas, documentos e fluxos de atendimento para reduzir riscos de autua\u00e7\u00f5es e lit\u00edgios.<\/p>\t\t\t\t\t\t\t\t<\/div>\n\t\t\t\t<\/div>\n\t\t<div class=\"elementor-element elementor-element-b3732c8 e-con-full e-flex e-con e-child\" data-id=\"b3732c8\" data-element_type=\"container\" data-e-type=\"container\">\n\t\t\t\t<div class=\"elementor-element elementor-element-4a71dcb0 title-tracos elementor-widget elementor-widget-heading\" data-id=\"4a71dcb0\" data-element_type=\"widget\" data-e-type=\"widget\" data-widget_type=\"heading.default\">\n\t\t\t\t\t<h2 class=\"elementor-heading-title elementor-size-default\">Demandas envolvendo v\u00edcios de produtos e servi\u00e7os<\/h2>\t\t\t\t<\/div>\n\t\t\t\t<div class=\"elementor-element elementor-element-579df8f elementor-widget__width-inherit elementor-widget elementor-widget-text-editor\" data-id=\"579df8f\" data-element_type=\"widget\" data-e-type=\"widget\" data-widget_type=\"text-editor.default\">\n\t\t\t\t\t\t\t\t\t<p>Elaboramos estrat\u00e9gias jur\u00eddicas para disputas relacionadas a defeitos, falhas de performance e responsabilidades, prevenindo amplia\u00e7\u00f5es de danos e protegendo a opera\u00e7\u00e3o comercial.<\/p>\t\t\t\t\t\t\t\t<\/div>\n\t\t\t\t<\/div>\n\t\t<div class=\"elementor-element elementor-element-5b80d409 e-con-full e-flex e-con e-child\" data-id=\"5b80d409\" data-element_type=\"container\" data-e-type=\"container\">\n\t\t\t\t<div class=\"elementor-element elementor-element-58e2c051 title-tracos elementor-widget elementor-widget-heading\" data-id=\"58e2c051\" data-element_type=\"widget\" data-e-type=\"widget\" data-widget_type=\"heading.default\">\n\t\t\t\t\t<h2 class=\"elementor-heading-title elementor-size-default\">Reclama\u00e7\u00f5es administrativas (PROCON e \u00f3rg\u00e3os reguladores)<\/h2>\t\t\t\t<\/div>\n\t\t\t\t<div class=\"elementor-element elementor-element-25f32c71 elementor-widget__width-inherit elementor-widget elementor-widget-text-editor\" data-id=\"25f32c71\" data-element_type=\"widget\" data-e-type=\"widget\" data-widget_type=\"text-editor.default\">\n\t\t\t\t\t\t\t\t\t<p>Gerenciamos notifica\u00e7\u00f5es, autua\u00e7\u00f5es e fiscaliza\u00e7\u00f5es, garantindo respostas t\u00e9cnicas adequadas, defesa eficiente e maior seguran\u00e7a nas rela\u00e7\u00f5es comerciais.<\/p>\t\t\t\t\t\t\t\t<\/div>\n\t\t\t\t<\/div>\n\t\t<div class=\"elementor-element elementor-element-88254c8 e-con-full e-flex e-con e-child\" data-id=\"88254c8\" data-element_type=\"container\" data-e-type=\"container\">\n\t\t\t\t<div class=\"elementor-element elementor-element-159522b3 title-tracos elementor-widget elementor-widget-heading\" data-id=\"159522b3\" data-element_type=\"widget\" data-e-type=\"widget\" data-widget_type=\"heading.default\">\n\t\t\t\t\t<h2 class=\"elementor-heading-title elementor-size-default\">Redu\u00e7\u00e3o de passivos e riscos consumeristas<\/h2>\t\t\t\t<\/div>\n\t\t\t\t<div class=\"elementor-element elementor-element-3080b878 elementor-widget__width-inherit elementor-widget elementor-widget-text-editor\" data-id=\"3080b878\" data-element_type=\"widget\" data-e-type=\"widget\" data-widget_type=\"text-editor.default\">\n\t\t\t\t\t\t\t\t\t<p>Mapeamos fragilidades, analisamos padr\u00f5es de reclama\u00e7\u00f5es e estruturamos a\u00e7\u00f5es preventivas para diminuir custos, lit\u00edgios repetitivos e impactos reputacionais.<\/p>\t\t\t\t\t\t\t\t<\/div>\n\t\t\t\t<\/div>\n\t\t\t\t<\/div>\n\t\t<div class=\"elementor-element elementor-element-5a9893ed e-con-full e-flex e-con e-child\" data-id=\"5a9893ed\" data-element_type=\"container\" data-e-type=\"container\" data-settings=\"{&quot;background_background&quot;:&quot;classic&quot;}\">\n\t\t\t\t<div class=\"elementor-element elementor-element-33010eef elementor-widget__width-initial elementor-widget elementor-widget-heading\" data-id=\"33010eef\" data-element_type=\"widget\" data-e-type=\"widget\" data-widget_type=\"heading.default\">\n\t\t\t\t\t<h3 class=\"elementor-heading-title elementor-size-default\">Evite lit\u00edgios e adeque sua empresa \u00e0s normas do consumidor<\/h3>\t\t\t\t<\/div>\n\t\t\t\t<div class=\"elementor-element elementor-element-5e514830 elementor-widget__width-initial elementor-widget elementor-widget-heading\" data-id=\"5e514830\" data-element_type=\"widget\" data-e-type=\"widget\" data-widget_type=\"heading.default\">\n\t\t\t\t\t<p class=\"elementor-heading-title elementor-size-default\">Proteja a reputa\u00e7\u00e3o do seu neg\u00f3cio com orienta\u00e7\u00e3o preventiva, adequa\u00e7\u00e3o de termos de uso e defesa \u00e1gil e especializada em demandas consumeristas.<\/p>\t\t\t\t<\/div>\n\t\t\t\t<div class=\"elementor-element elementor-element-a133a09 elementor-align-left elementor-widget elementor-widget-button\" data-id=\"a133a09\" data-element_type=\"widget\" data-e-type=\"widget\" data-widget_type=\"button.default\">\n\t\t\t\t\t\t\t\t\t\t<a class=\"elementor-button elementor-button-link elementor-size-sm\" href=\"https:\/\/talktoalldigital.com.br\/brazefigueiredo\/contato\/\">\n\t\t\t\t\t\t<span class=\"elementor-button-content-wrapper\">\n\t\t\t\t\t\t\t\t\t<span class=\"elementor-button-text\">Fale agora conosco<\/span>\n\t\t\t\t\t<\/span>\n\t\t\t\t\t<\/a>\n\t\t\t\t\t\t\t\t<\/div>\n\t\t\t\t<\/div>\n\t\t\t\t\t<\/div>\n\t\t\t\t<\/div>\n\t\t\t\t<\/div>\n\t\t","protected":false},"excerpt":{"rendered":"<p>\u00c1rea de atua\u00e7\u00e3o Direito do Consumidor Auxiliamos empresas na preven\u00e7\u00e3o e resolu\u00e7\u00e3o de conflitos com consumidores, assegurando conformidade legal, prote\u00e7\u00e3o da reputa\u00e7\u00e3o e redu\u00e7\u00e3o de impactos financeiros. Defesa em a\u00e7\u00f5es individuais e coletivas Atuamos em processos consumeristas com estrat\u00e9gia e profundidade t\u00e9cnica, buscando minimizar condena\u00e7\u00f5es, proteger a imagem da empresa e evitar precedentes negativos. Consultoria [&hellip;]<\/p>\n","protected":false},"author":1,"featured_media":0,"parent":199,"menu_order":0,"comment_status":"closed","ping_status":"closed","template":"","meta":{"_acf_changed":false,"footnotes":""},"class_list":["post-309","page","type-page","status-publish","hentry"],"acf":[],"yoast_head":"<!-- This site is optimized with the Yoast SEO plugin v27.3 - https:\/\/yoast.com\/product\/yoast-seo-wordpress\/ -->\n<title>Direito do Consumidor - Braz &amp; Figueiredo<\/title>\n<meta name=\"robots\" content=\"index, follow, max-snippet:-1, max-image-preview:large, max-video-preview:-1\" \/>\n<link rel=\"canonical\" href=\"https:\/\/talktoalldigital.com.br\/brazefigueiredo\/areas-de-atuacao\/direito-do-consumidor\/\" \/>\n<meta property=\"og:locale\" content=\"pt_BR\" \/>\n<meta property=\"og:type\" content=\"article\" \/>\n<meta property=\"og:title\" content=\"Direito do Consumidor - Braz &amp; Figueiredo\" \/>\n<meta property=\"og:description\" content=\"\u00c1rea de atua\u00e7\u00e3o Direito do Consumidor Auxiliamos empresas na preven\u00e7\u00e3o e resolu\u00e7\u00e3o de conflitos com consumidores, assegurando conformidade legal, prote\u00e7\u00e3o da reputa\u00e7\u00e3o e redu\u00e7\u00e3o de impactos financeiros. Defesa em a\u00e7\u00f5es individuais e coletivas Atuamos em processos consumeristas com estrat\u00e9gia e profundidade t\u00e9cnica, buscando minimizar condena\u00e7\u00f5es, proteger a imagem da empresa e evitar precedentes negativos. Consultoria [&hellip;]\" \/>\n<meta property=\"og:url\" content=\"https:\/\/talktoalldigital.com.br\/brazefigueiredo\/areas-de-atuacao\/direito-do-consumidor\/\" \/>\n<meta property=\"og:site_name\" content=\"Braz &amp; Figueiredo\" \/>\n<meta property=\"article:publisher\" content=\"https:\/\/www.facebook.com\/brazefigueiredosociedadedeadvogados\/\" \/>\n<meta property=\"article:modified_time\" content=\"2026-04-10T17:07:13+00:00\" \/>\n<meta name=\"twitter:card\" content=\"summary_large_image\" \/>\n<meta name=\"twitter:label1\" content=\"Est. tempo de leitura\" \/>\n\t<meta name=\"twitter:data1\" content=\"2 minutos\" \/>\n<script type=\"application\/ld+json\" class=\"yoast-schema-graph\">{\"@context\":\"https:\\\/\\\/schema.org\",\"@graph\":[{\"@type\":\"WebPage\",\"@id\":\"https:\\\/\\\/talktoalldigital.com.br\\\/brazefigueiredo\\\/areas-de-atuacao\\\/direito-do-consumidor\\\/\",\"url\":\"https:\\\/\\\/talktoalldigital.com.br\\\/brazefigueiredo\\\/areas-de-atuacao\\\/direito-do-consumidor\\\/\",\"name\":\"Direito do Consumidor - Braz &amp; Figueiredo\",\"isPartOf\":{\"@id\":\"https:\\\/\\\/talktoalldigital.com.br\\\/brazefigueiredo\\\/#website\"},\"datePublished\":\"2026-03-18T19:50:38+00:00\",\"dateModified\":\"2026-04-10T17:07:13+00:00\",\"breadcrumb\":{\"@id\":\"https:\\\/\\\/talktoalldigital.com.br\\\/brazefigueiredo\\\/areas-de-atuacao\\\/direito-do-consumidor\\\/#breadcrumb\"},\"inLanguage\":\"pt-BR\",\"potentialAction\":[{\"@type\":\"ReadAction\",\"target\":[\"https:\\\/\\\/talktoalldigital.com.br\\\/brazefigueiredo\\\/areas-de-atuacao\\\/direito-do-consumidor\\\/\"]}]},{\"@type\":\"BreadcrumbList\",\"@id\":\"https:\\\/\\\/talktoalldigital.com.br\\\/brazefigueiredo\\\/areas-de-atuacao\\\/direito-do-consumidor\\\/#breadcrumb\",\"itemListElement\":[{\"@type\":\"ListItem\",\"position\":1,\"name\":\"In\u00edcio\",\"item\":\"https:\\\/\\\/talktoalldigital.com.br\\\/brazefigueiredo\\\/\"},{\"@type\":\"ListItem\",\"position\":2,\"name\":\"\u00c1reas de Atua\u00e7\u00e3o\",\"item\":\"https:\\\/\\\/talktoalldigital.com.br\\\/brazefigueiredo\\\/areas-de-atuacao\\\/\"},{\"@type\":\"ListItem\",\"position\":3,\"name\":\"Direito do Consumidor\"}]},{\"@type\":\"WebSite\",\"@id\":\"https:\\\/\\\/talktoalldigital.com.br\\\/brazefigueiredo\\\/#website\",\"url\":\"https:\\\/\\\/talktoalldigital.com.br\\\/brazefigueiredo\\\/\",\"name\":\"Braz & Figueiredo\",\"description\":\"Sociedade de Advogados\",\"publisher\":{\"@id\":\"https:\\\/\\\/talktoalldigital.com.br\\\/brazefigueiredo\\\/#organization\"},\"potentialAction\":[{\"@type\":\"SearchAction\",\"target\":{\"@type\":\"EntryPoint\",\"urlTemplate\":\"https:\\\/\\\/talktoalldigital.com.br\\\/brazefigueiredo\\\/?s={search_term_string}\"},\"query-input\":{\"@type\":\"PropertyValueSpecification\",\"valueRequired\":true,\"valueName\":\"search_term_string\"}}],\"inLanguage\":\"pt-BR\"},{\"@type\":\"Organization\",\"@id\":\"https:\\\/\\\/talktoalldigital.com.br\\\/brazefigueiredo\\\/#organization\",\"name\":\"Braz & Figueiredo\",\"url\":\"https:\\\/\\\/talktoalldigital.com.br\\\/brazefigueiredo\\\/\",\"logo\":{\"@type\":\"ImageObject\",\"inLanguage\":\"pt-BR\",\"@id\":\"https:\\\/\\\/talktoalldigital.com.br\\\/brazefigueiredo\\\/#\\\/schema\\\/logo\\\/image\\\/\",\"url\":\"https:\\\/\\\/talktoalldigital.com.br\\\/brazefigueiredo\\\/wp-content\\\/uploads\\\/2026\\\/02\\\/logo-braz-e-figueiredo.svg\",\"contentUrl\":\"https:\\\/\\\/talktoalldigital.com.br\\\/brazefigueiredo\\\/wp-content\\\/uploads\\\/2026\\\/02\\\/logo-braz-e-figueiredo.svg\",\"width\":275,\"height\":23,\"caption\":\"Braz & Figueiredo\"},\"image\":{\"@id\":\"https:\\\/\\\/talktoalldigital.com.br\\\/brazefigueiredo\\\/#\\\/schema\\\/logo\\\/image\\\/\"},\"sameAs\":[\"https:\\\/\\\/www.facebook.com\\\/brazefigueiredosociedadedeadvogados\\\/\",\"https:\\\/\\\/www.instagram.com\\\/brazefigueiredo\\\/\"]}]}<\/script>\n<!-- \/ Yoast SEO plugin. -->","yoast_head_json":{"title":"Direito do Consumidor - Braz &amp; Figueiredo","robots":{"index":"index","follow":"follow","max-snippet":"max-snippet:-1","max-image-preview":"max-image-preview:large","max-video-preview":"max-video-preview:-1"},"canonical":"https:\/\/talktoalldigital.com.br\/brazefigueiredo\/areas-de-atuacao\/direito-do-consumidor\/","og_locale":"pt_BR","og_type":"article","og_title":"Direito do Consumidor - Braz &amp; Figueiredo","og_description":"\u00c1rea de atua\u00e7\u00e3o Direito do Consumidor Auxiliamos empresas na preven\u00e7\u00e3o e resolu\u00e7\u00e3o de conflitos com consumidores, assegurando conformidade legal, prote\u00e7\u00e3o da reputa\u00e7\u00e3o e redu\u00e7\u00e3o de impactos financeiros. Defesa em a\u00e7\u00f5es individuais e coletivas Atuamos em processos consumeristas com estrat\u00e9gia e profundidade t\u00e9cnica, buscando minimizar condena\u00e7\u00f5es, proteger a imagem da empresa e evitar precedentes negativos. Consultoria [&hellip;]","og_url":"https:\/\/talktoalldigital.com.br\/brazefigueiredo\/areas-de-atuacao\/direito-do-consumidor\/","og_site_name":"Braz &amp; Figueiredo","article_publisher":"https:\/\/www.facebook.com\/brazefigueiredosociedadedeadvogados\/","article_modified_time":"2026-04-10T17:07:13+00:00","twitter_card":"summary_large_image","twitter_misc":{"Est. tempo de leitura":"2 minutos"},"schema":{"@context":"https:\/\/schema.org","@graph":[{"@type":"WebPage","@id":"https:\/\/talktoalldigital.com.br\/brazefigueiredo\/areas-de-atuacao\/direito-do-consumidor\/","url":"https:\/\/talktoalldigital.com.br\/brazefigueiredo\/areas-de-atuacao\/direito-do-consumidor\/","name":"Direito do Consumidor - Braz &amp; Figueiredo","isPartOf":{"@id":"https:\/\/talktoalldigital.com.br\/brazefigueiredo\/#website"},"datePublished":"2026-03-18T19:50:38+00:00","dateModified":"2026-04-10T17:07:13+00:00","breadcrumb":{"@id":"https:\/\/talktoalldigital.com.br\/brazefigueiredo\/areas-de-atuacao\/direito-do-consumidor\/#breadcrumb"},"inLanguage":"pt-BR","potentialAction":[{"@type":"ReadAction","target":["https:\/\/talktoalldigital.com.br\/brazefigueiredo\/areas-de-atuacao\/direito-do-consumidor\/"]}]},{"@type":"BreadcrumbList","@id":"https:\/\/talktoalldigital.com.br\/brazefigueiredo\/areas-de-atuacao\/direito-do-consumidor\/#breadcrumb","itemListElement":[{"@type":"ListItem","position":1,"name":"In\u00edcio","item":"https:\/\/talktoalldigital.com.br\/brazefigueiredo\/"},{"@type":"ListItem","position":2,"name":"\u00c1reas de Atua\u00e7\u00e3o","item":"https:\/\/talktoalldigital.com.br\/brazefigueiredo\/areas-de-atuacao\/"},{"@type":"ListItem","position":3,"name":"Direito do Consumidor"}]},{"@type":"WebSite","@id":"https:\/\/talktoalldigital.com.br\/brazefigueiredo\/#website","url":"https:\/\/talktoalldigital.com.br\/brazefigueiredo\/","name":"Braz & Figueiredo","description":"Sociedade de Advogados","publisher":{"@id":"https:\/\/talktoalldigital.com.br\/brazefigueiredo\/#organization"},"potentialAction":[{"@type":"SearchAction","target":{"@type":"EntryPoint","urlTemplate":"https:\/\/talktoalldigital.com.br\/brazefigueiredo\/?s={search_term_string}"},"query-input":{"@type":"PropertyValueSpecification","valueRequired":true,"valueName":"search_term_string"}}],"inLanguage":"pt-BR"},{"@type":"Organization","@id":"https:\/\/talktoalldigital.com.br\/brazefigueiredo\/#organization","name":"Braz & Figueiredo","url":"https:\/\/talktoalldigital.com.br\/brazefigueiredo\/","logo":{"@type":"ImageObject","inLanguage":"pt-BR","@id":"https:\/\/talktoalldigital.com.br\/brazefigueiredo\/#\/schema\/logo\/image\/","url":"https:\/\/talktoalldigital.com.br\/brazefigueiredo\/wp-content\/uploads\/2026\/02\/logo-braz-e-figueiredo.svg","contentUrl":"https:\/\/talktoalldigital.com.br\/brazefigueiredo\/wp-content\/uploads\/2026\/02\/logo-braz-e-figueiredo.svg","width":275,"height":23,"caption":"Braz & Figueiredo"},"image":{"@id":"https:\/\/talktoalldigital.com.br\/brazefigueiredo\/#\/schema\/logo\/image\/"},"sameAs":["https:\/\/www.facebook.com\/brazefigueiredosociedadedeadvogados\/","https:\/\/www.instagram.com\/brazefigueiredo\/"]}]}},"_links":{"self":[{"href":"https:\/\/talktoalldigital.com.br\/brazefigueiredo\/wp-json\/wp\/v2\/pages\/309","targetHints":{"allow":["GET"]}}],"collection":[{"href":"https:\/\/talktoalldigital.com.br\/brazefigueiredo\/wp-json\/wp\/v2\/pages"}],"about":[{"href":"https:\/\/talktoalldigital.com.br\/brazefigueiredo\/wp-json\/wp\/v2\/types\/page"}],"author":[{"embeddable":true,"href":"https:\/\/talktoalldigital.com.br\/brazefigueiredo\/wp-json\/wp\/v2\/users\/1"}],"replies":[{"embeddable":true,"href":"https:\/\/talktoalldigital.com.br\/brazefigueiredo\/wp-json\/wp\/v2\/comments?post=309"}],"version-history":[{"count":25,"href":"https:\/\/talktoalldigital.com.br\/brazefigueiredo\/wp-json\/wp\/v2\/pages\/309\/revisions"}],"predecessor-version":[{"id":4439,"href":"https:\/\/talktoalldigital.com.br\/brazefigueiredo\/wp-json\/wp\/v2\/pages\/309\/revisions\/4439"}],"up":[{"embeddable":true,"href":"https:\/\/talktoalldigital.com.br\/brazefigueiredo\/wp-json\/wp\/v2\/pages\/199"}],"wp:attachment":[{"href":"https:\/\/talktoalldigital.com.br\/brazefigueiredo\/wp-json\/wp\/v2\/media?parent=309"}],"curies":[{"name":"wp","href":"https:\/\/api.w.org\/{rel}","templated":true}]}}